{"id":28,"date":"2025-09-17T17:09:18","date_gmt":"2025-09-17T15:09:18","guid":{"rendered":"https:\/\/www.breathofalps.at\/?page_id=28"},"modified":"2025-12-19T07:44:16","modified_gmt":"2025-12-19T06:44:16","slug":"yoga","status":"publish","type":"page","link":"https:\/\/www.breathofalps.at\/","title":{"rendered":"Yoga"},"content":{"rendered":"\n\n\t\t\t<img decoding=\"async\" src=\"https:\/\/www.breathofalps.at\/wp-content\/uploads\/2025\/12\/popup.png\" alt=\"Breath of Alps by Larissa ... coming soon\"\/>\t\t\t\n\t\t<h5>Modal Popup &#8211; ID <\/h5>\n\t\tClick here to edit the &quot;Modal Popup&quot; settings. This text will not be visible on frontend.\t\n\t\t\t\t<img decoding=\"async\" src=\"https:\/\/www.breathofalps.at\/wp-content\/uploads\/2025\/09\/cropped-favicon2.png\" alt=\"Breath of Alps\" title=\"cropped-favicon2.png\" itemprop=\"image\"  \/>\n<h1>\n\t\t\tBREATH OF ALPS\t<\/h1>\n<h2>\n\t\t\tDie Reise\t<\/h2>\n\tSind wir nicht alle auf einer Reise?<br data-start=\"176\" data-end=\"179\" \/>Manchmal leicht und flie\u00dfend, manchmal herausfordernd und transformierend &#8230;\nIn mir entstand eine Vision &#8211; einen Ort zu schaffen, an dem Heilung sp\u00fcrbar wird,<br \/>\nan dem Verbindung und bewusstes, langsames Leben m\u00f6glich werden.\nJe tiefer ich selbst in meine eigene Heilungsreise eintauchte, desto klarer wurde dieses Bild.\nHier bist du eingeladen, innezuhalten, auszuatmen, weicher zu werden und den Weg nach innen anzutreten.\nDurch <strong>Yoga, Breathwork, Sound Healing<\/strong> und ganzheitlichen Wohlf\u00fchlpraktiken<br \/>\nwirst du auf deiner pers\u00f6nlichen Reise zu mehr Balance und Vitalit\u00e4t sanft begleitet.\nDu wirst deine Energie erneuern, Inspiration finden und kehrst mit einem leichteren Herzen in deinen Alltag zur\u00fcck.\n\t<p>Larissa<\/p>\n\t\t\t\t<a href=\"https:\/\/www.breathofalps.at\/wp-content\/uploads\/2025\/09\/yoga-wasserfall.webp\" target=\"_self\"  itemprop=\"url\">\n\t\t\t\t<img decoding=\"async\" src=\"https:\/\/www.breathofalps.at\/wp-content\/uploads\/2025\/09\/yoga-wasserfall.webp\" alt=\"yoga am wasserfall\" title=\"yoga-wasserfall\" itemprop=\"image\"  \/>\n\t\t\t\t\t\t<\/a>\n\t\t\t\t<a href=\"https:\/\/www.breathofalps.at\/wp-content\/uploads\/2025\/09\/yoga-berge.webp\" target=\"_self\"  itemprop=\"url\">\n\t\t\t\t<img decoding=\"async\" src=\"https:\/\/www.breathofalps.at\/wp-content\/uploads\/2025\/09\/yoga-berge.webp\" alt=\"yoga breath the alps\" title=\"yoga-berge\" itemprop=\"image\"  \/>\n\t\t\t\t\t\t<\/a>\n\t\t\t\t<a href=\"https:\/\/www.breathofalps.at\/wp-content\/uploads\/2025\/09\/yoga-larissa.webp\" target=\"_self\"  itemprop=\"url\">\n\t\t\t\t<img decoding=\"async\" src=\"https:\/\/www.breathofalps.at\/wp-content\/uploads\/2025\/09\/yoga-larissa.webp\" alt=\"Yoga Larissa\" title=\"yoga-larissa\" itemprop=\"image\"  \/>\n\t\t\t\t\t\t<\/a>\n\t<h3>\n\t\t\t\t\u201eNicht alle von uns k\u00f6nnen gro\u00dfe Dinge tun, aber wir k\u00f6nnen kleine Dinge mit gro\u00dfe Liebe tun.&#8220;\n\t\t\t<\/h3>\n\t\t\t<p>Mutter Teresa<\/p>\t\n\t<h4>Atme tief durch, tauche ein in die Ruhe.<\/h4>\n<h4>Studio Er\u00f6ffnung Sommer 2026<\/h4>\n\n","protected":false},"excerpt":{"rendered":"<p>Modal Popup &#8211; ID Click here to edit the &quot;Modal Popup&quot; settings. This text will not be visible on frontend. BREATH OF ALPS Die Reise Sind wir nicht alle auf einer Reise?Manchmal leicht und flie\u00dfend, manchmal herausfordernd und transformierend &#8230; In mir entstand eine Vision &#8211; einen Ort zu schaffen, an dem Heilung sp\u00fcrbar wird,&hellip;<\/p>\n","protected":false},"author":1,"featured_media":0,"parent":0,"menu_order":0,"comment_status":"closed","ping_status":"closed","template":"","meta":{"footnotes":""},"class_list":["post-28","page","type-page","status-publish","hentry"],"_links":{"self":[{"href":"https:\/\/www.breathofalps.at\/index.php?rest_route=\/wp\/v2\/pages\/28","targetHints":{"allow":["GET"]}}],"collection":[{"href":"https:\/\/www.breathofalps.at\/index.php?rest_route=\/wp\/v2\/pages"}],"about":[{"href":"https:\/\/www.breathofalps.at\/index.php?rest_route=\/wp\/v2\/types\/page"}],"author":[{"embeddable":true,"href":"https:\/\/www.breathofalps.at\/index.php?rest_route=\/wp\/v2\/users\/1"}],"replies":[{"embeddable":true,"href":"https:\/\/www.breathofalps.at\/index.php?rest_route=%2Fwp%2Fv2%2Fcomments&post=28"}],"version-history":[{"count":11,"href":"https:\/\/www.breathofalps.at\/index.php?rest_route=\/wp\/v2\/pages\/28\/revisions"}],"predecessor-version":[{"id":93,"href":"https:\/\/www.breathofalps.at\/index.php?rest_route=\/wp\/v2\/pages\/28\/revisions\/93"}],"wp:attachment":[{"href":"https:\/\/www.breathofalps.at\/index.php?rest_route=%2Fwp%2Fv2%2Fmedia&parent=28"}],"curies":[{"name":"wp","href":"https:\/\/api.w.org\/{rel}","templated":true}]}}